en thousands digit of 3400143?
0
What is the ten thousands digit of 2116539?
1
What is the ten thousands digit of 7569115?
6
What is the thousands digit of 630054?
0
What is the tens digit of 9099249?
4
What is the tens digit of 5423447?
4
What is the tens digit of 358660?
6
What is the millions digit of 4641707?
4
What is the millions digit of 1592838?
1
What is the tens digit of 283042?
4
What is the units digit of 2883369?
9
What is the units digit of 34953?
3
What is the units digit of 1130504?
4
What is the thousands digit of 1713799?
3
What is the tens digit of 132621?
2
What is the units digit of 13335424?
4
What is the tens digit of 189322?
2
What is the hundreds digit of 4627673?
6
What is the hundreds digit of 277374?
3
What is the units digit of 5527070?
0
What is the hundred thousands digit of 656671?
6
What is the tens digit of 111210?
1
What is the thousands digit of 518443?
8
What is the hundred thousands digit of 36137294?
1
What is the millions digit of 11530392?
1
What is the thousands digit of 7692044?
2
What is the units digit of 5107788?
8
What is the ten thousands digit of 4339241?
3
What is the hundreds digit of 7545832?
8
What is the thousands digit of 231006?
1
What is the ten thousands digit of 1516678?
1
What is the hundred thousands digit of 1995849?
9
What is the hundred thousands digit of 583251?
5
What is the hundreds digit of 221445?
4
What is the thousands digit of 672645?
2
What is the hundreds digit of 1930827?
8
What is the thousands digit of 924814?
4
What is the hundred thousands digit of 9612675?
6
What is the ten thousands digit of 9838771?
3
What is the hundred thousands digit of 2617547?
6
What is the thousands digit of 376287?
6
What is the tens digit of 78992?
9
What is the hundred thousands digit of 1175960?
1
What is the hundred thousands digit of 1501969?
5
What is the millions digit of 11405079?
1
What is the ten thousands digit of 21412954?
1
What is the thousands digit of 1573951?
3
What is the units digit of 4897436?
6
What is the ten thousands digit of 1980549?
8
What is the hundreds digit of 856365?
3
What is the hundred thousands digit of 840907?
8
What is the tens digit of 480122?
2
What is the ten thousands digit of 4344046?
4
What is the hundred thousands digit of 304719?
3
What is the tens digit of 395925?
2
What is the hundreds digit of 7981699?
6
What is the ten thousands digit of 1138970?
3
What is the millions digit of 26115840?
6
What is the hundreds digit of 133243?
2
What is the units digit of 282562?
2
What is the thousands digit of 642810?
2
What is the ten thousands digit of 1061240?
6
What is the tens digit of 6893604?
0
What is the ten thousands digit of 327486?
2
What is the tens digit of 311364?
6
What is the tens digit of 443873?
7
What is the units digit of 3011286?
6
What is the ten thousands digit of 11260902?
6
What is the tens digit of 4517004?
0
What is the hundreds digit of 3396506?
5
What is the hundreds digit of 43794?
7
What is the hundreds digit of 243953?
9
What is the tens digit of 5919951?
5
What is the thousands digit of 66881?
6
What is the thousands digit of 29278492?
8
What is the thousands digit of 3106134?
6
What is the thousands digit of 243352?
3
What is the ten thousands digit of 10751675?
5
What is the hundreds digit of 481844?
8
What is the hundred thousands digit of 401509?
4
What is the hundred thousands digit of 1616415?
6
What is the hundreds digit of 4105102?
1
What is the millions digit of 4198766?
4
What is the ten thousands digit of 72738?
7
What is the hundred thousands digit of 246548?
2
What is the thousands digit of 18255995?
5
What is the hundreds digit of 71949?
9
What is the ten thousands digit of 233224?
3
What is the thousands digit of 715938?
5
What is the units digit of 1907168?
8
What is the tens digit of 12828299?
9
What is the units digit of 10233202?
2
What is the hundred thousands digit of 1031220?
0
What is the units digit of 363539?
9
What is the units digit of 353712?
2
What is the hundreds digit of 733464?
4
What is the hundred thousands digit of 2986962?
9
What is the tens digit of 1475619?
1
What is the millions digit of 2648217?
2
What is the hundred thousands digit of 345112?
3
What is the tens digit of 4095772?
7
What is the thousands digit of 1016141?
6
What is the hundreds digit of 8777581?
5
What is the hundred thousands digit of 8122560?
1
What is the units digit of 628922?
2
What is the ten thousands digit of 64150?
6
What is the millions digit of 1330834?
1
What is the tens digit of 3751701?
0
What is the hundreds digit of 1353453?
4
What is the units digit of 155505?
5
What is the tens digit of 308732?
3
What is the units digit of 2608279?
9
What is the units digit of 45966?
6
What is the thousands digit of 511319?
1
What is the ten millions digit of 25459902?
2
What is the hundred thousands digit of 231091?
2
What is the hundred thousands digit of 163317?
1
What is the hundreds digit of 6642456?
4
What is the thousands digit of 6514972?
4
What is the hundreds digit of 3196465?
4
What is the hundred thousands digit of 3003311?
0
What is the ten thousands digit of 178766?
7
What is the ten thousands digit of 15723211?
2
What is the hundred thousands digit of 2721808?
7
What is the thousands digit of 5766?
5
What is the units digit of 8357476?
6
What is the hundred thousands digit of 558675?
5
What is the hundred thousands digit of 13308402?
3
What is the ten thousands digit of 555219?
5
What is the tens digit of 215325?
2
What is the units digit of 2130409?
9
What is the thousands digit of 13537629?
7
What is the units digit of 1060774?
4
What is the hundred thousands digit of 5606472?
6
What is the hundreds digit of 1090089?
0
What is the thousands digit of 531341?
1
What is the ten thousands digit of 26957356?
5
What is the ten thousands digit of 2084293?
8
What is the units digit of 5733990?
0
What is the ten thousands digit of 913663?
1
What is the ten thousands digit of 3456400?
5
What is the tens digit of 1371810?
1
What is the thousands digit of 994780?
4
What is the tens digit of 25997693?
9
What is the thousands digit of 327593?
7
What is the units digit of 1478744?
4
What is the millions digit of 5455035?
5
What is the thousands digit of 1838319?
8
What is the ten thousands digit of 89454?
8
What is the ten thousands digit of 179419?
7
What is the hundreds digit of 544571?
5
What is the thousands digit of 2916574?
6
What is the hundreds digit of 1928113?
1
What is the thousands digit of 6716525?
6
What is the millions digit of 2832469?
2
What is the tens digit of 830055?
5
What is the thousands digit of 199515?
9
What is the hundred thousands digit of 3783904?
7
What is the tens digit of 234849?
4
What is the hundred thousands digit of 348022?
3
What is the ten thousands digit of 643666?
4
What is the thousands digit of 20491878?
1
What is the ten thousands digit of 84112?
8
What is the tens digit of 1540487?
8
What is the tens digit of 4463398?
9
What is the hundreds digit of 1609826?
8
What is the units digit of 859492?
2
What is the hundred thousands digit of 720780?
7
What is the thousands digit of 242215?
2
What is the tens digit of 479592?
9
What is the hundred thousands digit of 322158?
3
What is the tens digit of 16911479?
7
What is the ten thousands digit of 150043?
5
What is the millions digit of 19490730?
9
What is the units digit of 269505?
5
What is the tens digit of 282609?
0
What is the hundred thousands digit of 611297?
6
What is the hundreds digit of 4882130?
1
What is the millions digit of 6919115?
6
What is the units digit of 380566?
6
What is the hundred thousands digit of 3257685?
2
What is the hundred thousands digit of 1880273?
8
What is the hundred thousands digit of 142762?
1
What is the hundred thousands digit of 1211949?
2
What is the thousands digit of 327288?
7
What is the units digit of 2835322?
2
What is the tens digit of 1238045?
4
What is the ten thousands digit of 223294?
2
What is the hundreds digit of 7603163?
1
What is the thousands digit of 10529785?
9
What is the ten thousands digit of 23531547?
3
What is the ten thousands digit of 10093363?
9
What is the hundreds digit of 2979726?
7
What is the tens digit of 609226?
2
What is the thousands digit of 771220